{"id":133,"date":"2022-10-13T12:14:48","date_gmt":"2022-10-13T12:14:48","guid":{"rendered":"https:\/\/www.ontecandorra.com\/?page_id=133"},"modified":"2022-10-13T13:31:37","modified_gmt":"2022-10-13T13:31:37","slug":"arquitectures","status":"publish","type":"page","link":"https:\/\/www.ontecandorra.com\/?page_id=133","title":{"rendered":"ARQUITECTURES"},"content":{"rendered":"\n<div class=\"wp-block-media-text alignwide has-media-on-the-right is-stacked-on-mobile\" style=\"grid-template-columns:auto 27%\"><figure class=\"wp-block-media-text__media\"><img loading=\"lazy\" decoding=\"async\" width=\"314\" height=\"311\" src=\"https:\/\/www.ontecandorra.com\/wp-content\/uploads\/2016\/05\/ARQUITECT.png\" alt=\"\" class=\"wp-image-19 size-full\" srcset=\"https:\/\/www.ontecandorra.com\/wp-content\/uploads\/2016\/05\/ARQUITECT.png 314w, https:\/\/www.ontecandorra.com\/wp-content\/uploads\/2016\/05\/ARQUITECT-300x297.png 300w, https:\/\/www.ontecandorra.com\/wp-content\/uploads\/2016\/05\/ARQUITECT-150x150.png 150w\" sizes=\"auto, (max-width: 314px) 100vw, 314px\" \/><\/figure><div class=\"wp-block-media-text__content\">\n<p class=\"has-white-color has-black-background-color has-text-color has-background\">Treballem estretament amb les arquitectures per desenvolupar projectes eficients i a on el control i l\u2019automatitzaci\u00f3 de la llar o edifici s\u2019avinguin a les necessitats del client final.<br><br>T\u2019informem de totes les innovacions tecnol\u00f2giques derivades del m\u00f3n de la dom\u00f2tica i te\u2019n presentem nous productes i fem demostracions, amb el nostre comprom\u00eds d\u2019estar sempre a la avantguarda del sector.<\/p>\n<\/div><\/div>\n","protected":false},"excerpt":{"rendered":"<p>Treballem estretament amb les arquitectures per desenvolupar projectes eficients i a on el control i l\u2019automatitzaci\u00f3 de la llar o edifici s\u2019avinguin a les necessitats del client final. T\u2019informem de totes les innovacions tecnol\u00f2giques derivades del m\u00f3n de la dom\u00f2tica i te\u2019n presentem nous productes i fem demostracions, amb el nostre comprom\u00eds d\u2019estar sempre a [&hellip;]<\/p>\n","protected":false},"author":1,"featured_media":0,"parent":0,"menu_order":0,"comment_status":"closed","ping_status":"closed","template":"","meta":{"footnotes":""},"class_list":["post-133","page","type-page","status-publish","hentry"],"_links":{"self":[{"href":"https:\/\/www.ontecandorra.com\/index.php?rest_route=\/wp\/v2\/pages\/133","targetHints":{"allow":["GET"]}}],"collection":[{"href":"https:\/\/www.ontecandorra.com\/index.php?rest_route=\/wp\/v2\/pages"}],"about":[{"href":"https:\/\/www.ontecandorra.com\/index.php?rest_route=\/wp\/v2\/types\/page"}],"author":[{"embeddable":true,"href":"https:\/\/www.ontecandorra.com\/index.php?rest_route=\/wp\/v2\/users\/1"}],"replies":[{"embeddable":true,"href":"https:\/\/www.ontecandorra.com\/index.php?rest_route=%2Fwp%2Fv2%2Fcomments&post=133"}],"version-history":[{"count":4,"href":"https:\/\/www.ontecandorra.com\/index.php?rest_route=\/wp\/v2\/pages\/133\/revisions"}],"predecessor-version":[{"id":173,"href":"https:\/\/www.ontecandorra.com\/index.php?rest_route=\/wp\/v2\/pages\/133\/revisions\/173"}],"wp:attachment":[{"href":"https:\/\/www.ontecandorra.com\/index.php?rest_route=%2Fwp%2Fv2%2Fmedia&parent=133"}],"curies":[{"name":"wp","href":"https:\/\/api.w.org\/{rel}","templated":true}]}}